4)) composite?
True
Suppose -208608 = -16*p - 827488. Let z = -15923 - p. Is z prime?
False
Let u(j) = 8028*j + 607. Is u(11) a composite number?
True
Suppose 0 = -2*a + 3*o + 2*o + 17022, -17022 = -2*a - 3*o. Let m = a - 3289. Suppose -14*l = -1596 - m. Is l a prime number?
True
Let q = 147878 - 57001. Is q a prime number?
False
Suppose -4*v - 20 + 36 = 0. Let s be 3/(-2)*(15104/12)/(-4). Suppose v*f - 2220 = s. Is f a composite number?
False
Let p be (-4)/6*-3*5/2. Suppose -n - 2*n + 19 = 5*i, -25 = -p*n - 5*i. Suppose -n*a = -5*a + 148. Is a prime?
False
Let p be -1*(-2 + 994705/(-5)). Suppose -12372 = 7*n - p. Is n prime?
False
Let l be 5/1 - 21068/2 - -1. Let h = l + 17889. Is h a composite number?
True
Let v(j) = 294*j**2 + 72*j + 881. Is v(-23) prime?
False
Let q = 332 + -328. Suppose g = 5*p + q*g - 1805, -2*g = -4*p + 1422. Is p a composite number?
True
Suppose 715*u - 718*u = m - 26415, u + 3*m = 8821. Is u prime?
True
Suppose -x - 2*x + 795 = 0. Suppose 25*h - 5*h + 906 - 3306 = 0. Let t = x - h. Is t a prime number?
False
Let s = 468583 + -128676. Is s prime?
True
Is 4681564/20 - 4 - (-6)/(-30) composite?
True
Suppose 6*f - f - 19784 = -4*a, -2*a + 19792 = 5*f. Suppose 3004 = 2*h - f. Is h prime?
False
Suppose 21 = 3*v - 5*x, -3*v + 4*v = 4*x + 14. Let p(o) = 35*o**2 - 3*o - 1. Is p(v) prime?
False
Let n = 149444 + -65101. Is n composite?
True
Suppose 5*x + 216518 = -2*n + 1475209, -5*n - 2265618 = -9*x. Is x a composite number?
False
Let l(o) = -o**3 + 7*o**2 + 2*o - 1. Let b be l(5). Suppose 12 = -b*u + 65*u. Suppose v - u*v + 2*q = -707, -4*v + 2813 = -3*q. Is v composite?
False
Let c = 326 + -319. Is c + (4847 - 3) - 5 a composite number?
True
Suppose 3*v + 4*k = -1, k = -4*v - k + 12. Let u(x) = -3*x**3 + 2*x**2 + 7*x - 17. Let d be u(v). Is 4/((-4)/d) + 0 a prime number?
True
Let f(n) = 124*n**2 + 7*n + 19. Let o be f(-7). Let q = 9983 - o. Is q prime?
False
Let j(g) = 19*g**2 - 5*g + 5. Let w be j(-6). Suppose -185 = -46*d + 45. Suppose d*v = 3124 - w. Is v a composite number?
True
Suppose -1102910 = -4*b - j, 0 = 1388*b - 1386*b - j - 551452. Is b a prime number?
False
Let w(s) be the second derivative of 23*s + 1/6*s**4 + 0 + 5/6*s**3 - s**2. Is w(-17) a prime number?
True
Suppose -18*d + 37 + 17 = 0. Is (8667*2 + d)*1/3 composite?
False
Let w be (6/4)/(3/(9 - 3)). Suppose b + w*x - 724 = 2*x, -b = 3*x - 734. Is b a prime number?
True
Suppose 24*g - 30 = 18*g. Is (-4)/(-22) + (12414015/99)/g prime?
False
Is (188814/6)/((-34)/(-238)) composite?
True
Suppose 2*x - 6100 = -5*n, 8*x - 3*x + 6100 = 5*n. Let b = n + -423. Is b a composite number?
False
Is (-1)/(26/(-1453482)) + (670/(-130) - -5) a composite number?
False
Is 16 - (1079163/(-9) - 19) composite?
True
Let h(c) = 6196022*c - 12 - 17 - 6196504*c. Let q be -2 - -1 - (2 - -9). Is h(q) a composite number?
True
Let b = 415628 + -282847. Is b prime?
False
Let w = -3628 + 5801. Is w composite?
True
Let f = -532 + 527. Is (8698/f)/(5/((-275)/22)) a prime number?
True
Let j(v) be the first derivative of v**3 + 3*v - 2 - 9/2*v**2 + v**4. Is j(4) composite?
False
Let z(s) = -311*s - 6. Let x be z(-9). Suppose 4*b - o = x, -b = 2*b - 3*o - 2097. Is b prime?
False
Let b = 82 - 80. Let f(i) = -11*i**3 - i**b + 3*i**2 - 16*i**3 + 41*i - 42*i + 1. Is f(-3) a prime number?
True
Let o be (-5463)/(-6) - 2/(-4). Let a = 132 + o. Is a composite?
True
Let s be -23 + (-6)/(12/(-10)). Is s/36 + (-10103)/(-2) a prime number?
True
Let z = 387361 + -59676. Is z prime?
False
Let x(j) = 477860*j + 431. Is x(1) a prime number?
False
Suppose -2*c + 489 = -l - 217, c - 2838 = 4*l. Suppose 5*g + 4*n - 5838 = n, g - 1168 = -n. Let x = l + g. Is x prime?
True
Let h(c) = 35*c**2 - 6*c. Suppose 0 = -4*v + 7 + 73. Let m be (v/6)/((-28)/42). Is h(m) a composite number?
True
Suppose -4*w + 2*j = -j - 51, 3*w - 2*j = 38. Is (19 + w)/((-16)/(-14) + -1) composite?
True
Let u(z) = -z**2 - 4*z + 20505. Let x be u(0). Suppose -4*p = -2*i - 27340, 2*p + p + 3*i = x. Suppose y = 3*y - 8, 0 = -3*g + 5*y + p. Is g a prime number?
False
Suppose 0 = -20*s + 18*s + 18. Suppose 0 = 3*q + s, -q + 11693 = 4*m + 4*q. Is m composite?
False
Let a = 464 - 544. Suppose 0*v = -2*c + 2*v + 1250, -1222 = -2*c - 5*v. Let h = a + c. Is h a composite number?
False
Suppose 46630 = -19*u + 14*u. Let p = 13653 + u. Is p a prime number?
True
Let y = 5862 + -3672. Let t(f) = 0*f + 2*f + y + 367. Is t(0) prime?
True
Let z(k) = 7744*k - 179. Suppose 27 = -2*i + 39. Is z(i) a composite number?
True
Let c = 259 + 2. Let x = 268 + c. Is x prime?
False
Suppose 0 = -5*g - i - 4311 - 322, 2*i = -4*g - 3704. Let n = -196 - g. Is n composite?
True
Suppose 7*d - 32653 = 13848. Suppose -2*j + 4*o = -13262, o = -j - o + d. Is j prime?
True
Suppose 38 = -66*h - 28. Is 4 - ((-14389)/(-2))/(h/2) a composite number?
True
Suppose -147 = -22*x + x. Is 1 - -41643 - x*8/(-56) composite?
True
Suppose -n = -x - 3, -2*n + 5*x = -2 - 4. Let p be (13/n)/(1/(-36)). Let f = p + 575. Is f prime?
True
Suppose 4*l - 5*s = -45 + 10, -3*s + 30 = -3*l. Is 125007/9*l/(-5) composite?
False
Suppose -3*d = -4*x - 4979873, 5*d + 5*x - 3012304 - 5287496 = 0. Is d prime?
False
Let g be 8/(-36) + 4/18. Suppose -3*r - 4788 = -3*n, -5*r - 1576 = -n - g*r. Let x = n + 192. Is x a prime number?
False
Let u = 259 - 97. Let f be (96/(-3))/((-2)/u). Suppose -3*w + f = 255. Is w a composite number?
True
Let f(z) = 335*z - 307. Let t be f(-12). Let y = t - -7490. Is y prime?
True
Suppose 8*m + 1516 = 1604. Let c(o) = 20*o**2 - 20*o + 43. Is c(m) a composite number?
False
Let c(x) = 2821*x - 2. Let z(y) be the second derivative of y**4/12 + y**3/3 - 7*y**2 - 22*y. Let g be z(-5). Is c(g) a composite number?
False
Let a be 2 + -2 + -4 - -6. Let k be (-2 - 0)*(-13)/a. Suppose -5*v - k = 7, 4*v = -4*m + 1324. Is m a composite number?
True
Let y(u) = -3357*u**3 - 11*u**2 + 50*u + 257. Is y(-5) prime?
False
Let p(i) = i**3 + 4*i**2 - i - 9. Let z be p(-2). Is 0 - 5/z - (5 + -1097) a composite number?
False
Suppose 16*p - 13560 = 4*p. Let q = p + -639. Is q a prime number?
True
Let h(i) = i**3 - 5*i**2 - 4*i - 72. Let d be h(7). Is (d + 20/8)*(41413 + 1) composite?
False
Let x(d) = 11172 - 10855 + 9*d + 25*d. Is x(48) a composite number?
False
Suppose 4*y - 5829 = 10499. Let h = 2559 - 748. Let k = y - h. Is k composite?
True
Suppose -126042 = -6*y - 2*v, 4*y + v - 56921 - 27105 = 0. Is y a prime number?
False
Let g = -86 - 3. Is (65/(-5))/(1/g) a prime number?
False
Is (-525602)/(-14 + 0) - 12 prime?
False
Let x = -34 + 40. Let y(z) = 5*z**2 + z**2 + x - 41*z + 30*z. Is y(7) a prime number?
True
Let j be (-4)/((0 - 0) + 9/36). Is 2/8 - (-1)/(j/(-50604)) a composite number?
False
Suppose -5*z + 307174 = -x - 896, z + 4*x - 61593 = 0. Is z composite?
False
Suppose -8*h + i - 561 = -9*h, -i = -h + 553. Let r = -20 + 29. Suppose h = -r*y + 10*y. Is y prime?
True
Let y(h) = -h**3 + 10*h**2 + 6*h - 1. Suppose -8*v + 15 + 57 = 0. Is y(v) composite?
True
Let g(m) = 43572*m**2 - 16*m - 15. Is g(-1) composite?
False
Let j(d) = 57*d + 15. Let o be j(2). Let n = -120 + o. Let i(k) = 13*k - 43. Is i(n) a prime number?
False
Suppose s = -4*n + 2305143, -576307 = -10*n + 9*n + 4*s. Is n a prime number?
True
Suppose -4*n + 3*p = -37482, 0*n + 2*p + 46849 = 5*n. Suppose -3*i + 9351 = -0*o + 3*o, 3*i - 3*o - n = 0. Suppose 4*k + q = i, q + 3 = -1. Is k composite?
True
Suppose 674*w - 685*w = -625603. Is w a composite number?
False
Let f = 579 - 582. Suppose -3*j + 4*j = 16. Let w = j - f. Is w a prime number?
True
Let t = -50 - -53. Suppose 17*d - 137851 = -t*x + 18*d, 3*d = -12. Is x a prime number?
True
Let m be ((-21)/6 + 4)/((-3)/(-24)). Suppose 4*l + 0*l = u - 7939, -m*u - 4*l = -31756. Is u a composite number?
True
Let j(f) = -31289*f - 953. Is j(-20) a prime number?
False
Let r(o) = -5*o - 37. Let w be r(-8). Suppose w*a - 597 = 114. Is 342/27*a/2 a prime number?
False
Let j(r) = -2248*r**2 + 20*r + 55. Let k(a) = -2248*a**2 + 20*a + 52. Let c(w) = 2*j(w) - 3*k(w). Is c(-2) a composite number?
True
Let j(i) = -i**3 + 19*i**2 - 3*i + 30. Suppose -5*r - 8*r = -221. Is j(r) a prime number?
True
Let s be 69/3 - (-10)/(-5). Let r = s - 1. Let n(v) = 2*v + 15. Is n(r) prime?
False
Let k(i) = 2*i**2 - 11*i